{"id":2325,"date":"2021-01-07T14:34:59","date_gmt":"2021-01-07T13:34:59","guid":{"rendered":"http:\/\/sintiundroma-nrw.de\/wordpress\/?page_id=2325"},"modified":"2025-09-02T14:08:30","modified_gmt":"2025-09-02T12:08:30","slug":"rueckblick-1995","status":"publish","type":"page","link":"http:\/\/sintiundroma-nrw.de\/wordpress\/rueckblick-1995\/","title":{"rendered":"R\u00fcckblick 1995"},"content":{"rendered":"\t\t<div data-elementor-type=\"wp-page\" data-elementor-id=\"2325\" class=\"elementor elementor-2325\">\n\t\t\t\t\t\t<section class=\"elementor-section elementor-top-section elementor-element elementor-element-77c8c62b elementor-section-content-middle elementor-section-boxed elementor-section-height-default elementor-section-height-default\" data-id=\"77c8c62b\" data-element_type=\"section\" data-e-type=\"section\">\n\t\t\t\t\t\t<div class=\"elementor-container elementor-column-gap-no\">\n\t\t\t\t\t<div class=\"elementor-column elementor-col-100 elementor-top-column elementor-element elementor-element-cb12be2\" data-id=\"cb12be2\" data-element_type=\"column\" data-e-type=\"column\">\n\t\t\t<div class=\"elementor-widget-wrap elementor-element-populated\">\n\t\t\t\t\t\t<div class=\"elementor-element elementor-element-6f4a174a elementor-widget elementor-widget-heading\" data-id=\"6f4a174a\" data-element_type=\"widget\" data-e-type=\"widget\" data-widget_type=\"heading.default\">\n\t\t\t\t<div class=\"elementor-widget-container\">\n\t\t\t\t\t<h5 class=\"elementor-heading-title elementor-size-default\">1995<\/h5>\t\t\t\t<\/div>\n\t\t\t\t<\/div>\n\t\t\t\t<div class=\"elementor-element elementor-element-6a926b9f elementor-widget elementor-widget-heading\" data-id=\"6a926b9f\" data-element_type=\"widget\" data-e-type=\"widget\" data-widget_type=\"heading.default\">\n\t\t\t\t<div class=\"elementor-widget-container\">\n\t\t\t\t\t<h5 class=\"elementor-heading-title elementor-size-default\">Hugo Franz, 1. Vorsitzender des Landesverbands Deutscher Sinti und Roma NRW, sein Stellvertreter Roman Franz und weitere \u00dcberlebende der Minderheit bei einer Rede der Oberb\u00fcrgermeisterin der Landeshauptstadt D\u00fcsseldorf, Marie-Luise Smeets.<\/h5>\t\t\t\t<\/div>\n\t\t\t\t<\/div>\n\t\t\t\t<div class=\"elementor-element elementor-element-2a4521c8 gallery-spacing-custom elementor-widget elementor-widget-image-gallery\" data-id=\"2a4521c8\" data-element_type=\"widget\" data-e-type=\"widget\" data-widget_type=\"image-gallery.default\">\n\t\t\t\t<div class=\"elementor-widget-container\">\n\t\t\t\t\t\t\t<div class=\"elementor-image-gallery\">\n\t\t\t<div id='gallery-1' class='gallery galleryid-2325 gallery-columns-2 gallery-size-full'><figure class='gallery-item'>\n\t\t\t<div class='gallery-icon landscape'>\n\t\t\t\t<a data-elementor-open-lightbox=\"yes\" data-elementor-lightbox-slideshow=\"2a4521c8\" data-elementor-lightbox-title=\"1995-2\" data-e-action-hash=\"#elementor-action%3Aaction%3Dlightbox%26settings%3DeyJpZCI6MjQwMywidXJsIjoiaHR0cDpcL1wvc2ludGl1bmRyb21hLW5ydy5kZVwvd29yZHByZXNzXC93cC1jb250ZW50XC91cGxvYWRzXC8yMDIxXC8wMVwvMTk5NS0yLmpwZyIsInNsaWRlc2hvdyI6IjJhNDUyMWM4In0%3D\" href='http:\/\/sintiundroma-nrw.de\/wordpress\/wp-content\/uploads\/2021\/01\/1995-2.jpg'><img fetchpriority=\"high\" decoding=\"async\" width=\"1525\" height=\"1043\" src=\"http:\/\/sintiundroma-nrw.de\/wordpress\/wp-content\/uploads\/2021\/01\/1995-2.jpg\" class=\"attachment-full size-full\" alt=\"\" aria-describedby=\"gallery-1-2403\" srcset=\"http:\/\/sintiundroma-nrw.de\/wordpress\/wp-content\/uploads\/2021\/01\/1995-2.jpg 1525w, http:\/\/sintiundroma-nrw.de\/wordpress\/wp-content\/uploads\/2021\/01\/1995-2-300x205.jpg 300w, http:\/\/sintiundroma-nrw.de\/wordpress\/wp-content\/uploads\/2021\/01\/1995-2-1024x700.jpg 1024w, http:\/\/sintiundroma-nrw.de\/wordpress\/wp-content\/uploads\/2021\/01\/1995-2-768x525.jpg 768w\" sizes=\"(max-width: 1525px) 100vw, 1525px\" \/><\/a>\n\t\t\t<\/div>\n\t\t\t\t<figcaption class='wp-caption-text gallery-caption' id='gallery-1-2403'>\n\t\t\t\tHugo Franz, 1. Vorsitzender des Landesverbands Deutscher Sinti und Roma NRW;  Oberb\u00fcrgermeisterin der Landeshauptstadt D\u00fcsseldorf, Marie-Luise Smeets\n\t\t\t\t<\/figcaption><\/figure><figure class='gallery-item'>\n\t\t\t<div class='gallery-icon landscape'>\n\t\t\t\t<a data-elementor-open-lightbox=\"yes\" data-elementor-lightbox-slideshow=\"2a4521c8\" data-elementor-lightbox-title=\"1995-8\" data-e-action-hash=\"#elementor-action%3Aaction%3Dlightbox%26settings%3DeyJpZCI6MjQwOCwidXJsIjoiaHR0cDpcL1wvc2ludGl1bmRyb21hLW5ydy5kZVwvd29yZHByZXNzXC93cC1jb250ZW50XC91cGxvYWRzXC8yMDIxXC8wMVwvMTk5NS04LmpwZyIsInNsaWRlc2hvdyI6IjJhNDUyMWM4In0%3D\" href='http:\/\/sintiundroma-nrw.de\/wordpress\/wp-content\/uploads\/2021\/01\/1995-8.jpg'><img decoding=\"async\" width=\"1525\" height=\"1042\" src=\"http:\/\/sintiundroma-nrw.de\/wordpress\/wp-content\/uploads\/2021\/01\/1995-8.jpg\" class=\"attachment-full size-full\" alt=\"\" srcset=\"http:\/\/sintiundroma-nrw.de\/wordpress\/wp-content\/uploads\/2021\/01\/1995-8.jpg 1525w, http:\/\/sintiundroma-nrw.de\/wordpress\/wp-content\/uploads\/2021\/01\/1995-8-300x205.jpg 300w, http:\/\/sintiundroma-nrw.de\/wordpress\/wp-content\/uploads\/2021\/01\/1995-8-1024x700.jpg 1024w, http:\/\/sintiundroma-nrw.de\/wordpress\/wp-content\/uploads\/2021\/01\/1995-8-768x525.jpg 768w\" sizes=\"(max-width: 1525px) 100vw, 1525px\" \/><\/a>\n\t\t\t<\/div><\/figure><figure class='gallery-item'>\n\t\t\t<div class='gallery-icon landscape'>\n\t\t\t\t<a data-elementor-open-lightbox=\"yes\" data-elementor-lightbox-slideshow=\"2a4521c8\" data-elementor-lightbox-title=\"1995-5\" data-e-action-hash=\"#elementor-action%3Aaction%3Dlightbox%26settings%3DeyJpZCI6MjQwNiwidXJsIjoiaHR0cDpcL1wvc2ludGl1bmRyb21hLW5ydy5kZVwvd29yZHByZXNzXC93cC1jb250ZW50XC91cGxvYWRzXC8yMDIxXC8wMVwvMTk5NS01LmpwZyIsInNsaWRlc2hvdyI6IjJhNDUyMWM4In0%3D\" href='http:\/\/sintiundroma-nrw.de\/wordpress\/wp-content\/uploads\/2021\/01\/1995-5.jpg'><img decoding=\"async\" width=\"1523\" height=\"1041\" src=\"http:\/\/sintiundroma-nrw.de\/wordpress\/wp-content\/uploads\/2021\/01\/1995-5.jpg\" class=\"attachment-full size-full\" alt=\"\" srcset=\"http:\/\/sintiundroma-nrw.de\/wordpress\/wp-content\/uploads\/2021\/01\/1995-5.jpg 1523w, http:\/\/sintiundroma-nrw.de\/wordpress\/wp-content\/uploads\/2021\/01\/1995-5-300x205.jpg 300w, http:\/\/sintiundroma-nrw.de\/wordpress\/wp-content\/uploads\/2021\/01\/1995-5-1024x700.jpg 1024w, http:\/\/sintiundroma-nrw.de\/wordpress\/wp-content\/uploads\/2021\/01\/1995-5-768x525.jpg 768w\" sizes=\"(max-width: 1523px) 100vw, 1523px\" \/><\/a>\n\t\t\t<\/div><\/figure><figure class='gallery-item'>\n\t\t\t<div class='gallery-icon landscape'>\n\t\t\t\t<a data-elementor-open-lightbox=\"yes\" data-elementor-lightbox-slideshow=\"2a4521c8\" data-elementor-lightbox-title=\"1995-4\" data-e-action-hash=\"#elementor-action%3Aaction%3Dlightbox%26settings%3DeyJpZCI6MjQwNSwidXJsIjoiaHR0cDpcL1wvc2ludGl1bmRyb21hLW5ydy5kZVwvd29yZHByZXNzXC93cC1jb250ZW50XC91cGxvYWRzXC8yMDIxXC8wMVwvMTk5NS00LmpwZyIsInNsaWRlc2hvdyI6IjJhNDUyMWM4In0%3D\" href='http:\/\/sintiundroma-nrw.de\/wordpress\/wp-content\/uploads\/2021\/01\/1995-4.jpg'><img loading=\"lazy\" decoding=\"async\" width=\"1525\" height=\"1041\" src=\"http:\/\/sintiundroma-nrw.de\/wordpress\/wp-content\/uploads\/2021\/01\/1995-4.jpg\" class=\"attachment-full size-full\" alt=\"\" srcset=\"http:\/\/sintiundroma-nrw.de\/wordpress\/wp-content\/uploads\/2021\/01\/1995-4.jpg 1525w, http:\/\/sintiundroma-nrw.de\/wordpress\/wp-content\/uploads\/2021\/01\/1995-4-300x205.jpg 300w, http:\/\/sintiundroma-nrw.de\/wordpress\/wp-content\/uploads\/2021\/01\/1995-4-1024x699.jpg 1024w, http:\/\/sintiundroma-nrw.de\/wordpress\/wp-content\/uploads\/2021\/01\/1995-4-768x524.jpg 768w\" sizes=\"(max-width: 1525px) 100vw, 1525px\" \/><\/a>\n\t\t\t<\/div><\/figure><figure class='gallery-item'>\n\t\t\t<div class='gallery-icon landscape'>\n\t\t\t\t<a data-elementor-open-lightbox=\"yes\" data-elementor-lightbox-slideshow=\"2a4521c8\" data-elementor-lightbox-title=\"1995-3\" data-e-action-hash=\"#elementor-action%3Aaction%3Dlightbox%26settings%3DeyJpZCI6MjQwNCwidXJsIjoiaHR0cDpcL1wvc2ludGl1bmRyb21hLW5ydy5kZVwvd29yZHByZXNzXC93cC1jb250ZW50XC91cGxvYWRzXC8yMDIxXC8wMVwvMTk5NS0zLmpwZyIsInNsaWRlc2hvdyI6IjJhNDUyMWM4In0%3D\" href='http:\/\/sintiundroma-nrw.de\/wordpress\/wp-content\/uploads\/2021\/01\/1995-3.jpg'><img loading=\"lazy\" decoding=\"async\" width=\"1524\" height=\"1047\" src=\"http:\/\/sintiundroma-nrw.de\/wordpress\/wp-content\/uploads\/2021\/01\/1995-3.jpg\" class=\"attachment-full size-full\" alt=\"\" srcset=\"http:\/\/sintiundroma-nrw.de\/wordpress\/wp-content\/uploads\/2021\/01\/1995-3.jpg 1524w, http:\/\/sintiundroma-nrw.de\/wordpress\/wp-content\/uploads\/2021\/01\/1995-3-300x206.jpg 300w, http:\/\/sintiundroma-nrw.de\/wordpress\/wp-content\/uploads\/2021\/01\/1995-3-1024x703.jpg 1024w, http:\/\/sintiundroma-nrw.de\/wordpress\/wp-content\/uploads\/2021\/01\/1995-3-768x528.jpg 768w\" sizes=\"(max-width: 1524px) 100vw, 1524px\" \/><\/a>\n\t\t\t<\/div><\/figure>\n\t\t<\/div>\n\t\t<\/div>\n\t\t\t\t\t\t<\/div>\n\t\t\t\t<\/div>\n\t\t\t\t\t<\/div>\n\t\t<\/div>\n\t\t\t\t\t<\/div>\n\t\t<\/section>\n\t\t\t\t<section class=\"elementor-section elementor-top-section elementor-element elementor-element-1ab663ae elementor-section-content-middle elementor-section-boxed elementor-section-height-default elementor-section-height-default\" data-id=\"1ab663ae\" data-element_type=\"section\" data-e-type=\"section\">\n\t\t\t\t\t\t<div class=\"elementor-container elementor-column-gap-no\">\n\t\t\t\t\t<div class=\"elementor-column elementor-col-100 elementor-top-column elementor-element elementor-element-49da5a6e\" data-id=\"49da5a6e\" data-element_type=\"column\" data-e-type=\"column\">\n\t\t\t<div class=\"elementor-widget-wrap elementor-element-populated\">\n\t\t\t\t\t\t<div class=\"elementor-element elementor-element-c2807a5 elementor-widget elementor-widget-heading\" data-id=\"c2807a5\" data-element_type=\"widget\" data-e-type=\"widget\" data-widget_type=\"heading.default\">\n\t\t\t\t<div class=\"elementor-widget-container\">\n\t\t\t\t\t<h5 class=\"elementor-heading-title elementor-size-default\">1995<\/h5>\t\t\t\t<\/div>\n\t\t\t\t<\/div>\n\t\t\t\t<div class=\"elementor-element elementor-element-5d5c98f2 elementor-widget elementor-widget-heading\" data-id=\"5d5c98f2\" data-element_type=\"widget\" data-e-type=\"widget\" data-widget_type=\"heading.default\">\n\t\t\t\t<div class=\"elementor-widget-container\">\n\t\t\t\t\t<h5 class=\"elementor-heading-title elementor-size-default\">Im B\u00fcro des Landesverbands Deutscher Sinti und Roma: Hugo Franz, 1. Vorsitzender des Landesverbands Deutscher Sinti und Roma und<br>\n sein Stellvertreter Roman Franz.<\/h5>\t\t\t\t<\/div>\n\t\t\t\t<\/div>\n\t\t\t\t<div class=\"elementor-element elementor-element-177ed562 gallery-spacing-custom elementor-widget elementor-widget-image-gallery\" data-id=\"177ed562\" data-element_type=\"widget\" data-e-type=\"widget\" data-widget_type=\"image-gallery.default\">\n\t\t\t\t<div class=\"elementor-widget-container\">\n\t\t\t\t\t\t\t<div class=\"elementor-image-gallery\">\n\t\t\t<div id='gallery-2' class='gallery galleryid-2325 gallery-columns-2 gallery-size-full'><figure class='gallery-item'>\n\t\t\t<div class='gallery-icon landscape'>\n\t\t\t\t<a data-elementor-open-lightbox=\"yes\" data-elementor-lightbox-slideshow=\"177ed562\" data-elementor-lightbox-title=\"1995-12\" data-e-action-hash=\"#elementor-action%3Aaction%3Dlightbox%26settings%3DeyJpZCI6MjQxMiwidXJsIjoiaHR0cDpcL1wvc2ludGl1bmRyb21hLW5ydy5kZVwvd29yZHByZXNzXC93cC1jb250ZW50XC91cGxvYWRzXC8yMDIxXC8wMVwvMTk5NS0xMi5qcGciLCJzbGlkZXNob3ciOiIxNzdlZDU2MiJ9\" href='http:\/\/sintiundroma-nrw.de\/wordpress\/wp-content\/uploads\/2021\/01\/1995-12.jpg'><img loading=\"lazy\" decoding=\"async\" width=\"1518\" height=\"1049\" src=\"http:\/\/sintiundroma-nrw.de\/wordpress\/wp-content\/uploads\/2021\/01\/1995-12.jpg\" class=\"attachment-full size-full\" alt=\"\" srcset=\"http:\/\/sintiundroma-nrw.de\/wordpress\/wp-content\/uploads\/2021\/01\/1995-12.jpg 1518w, http:\/\/sintiundroma-nrw.de\/wordpress\/wp-content\/uploads\/2021\/01\/1995-12-300x207.jpg 300w, http:\/\/sintiundroma-nrw.de\/wordpress\/wp-content\/uploads\/2021\/01\/1995-12-1024x708.jpg 1024w, http:\/\/sintiundroma-nrw.de\/wordpress\/wp-content\/uploads\/2021\/01\/1995-12-768x531.jpg 768w\" sizes=\"(max-width: 1518px) 100vw, 1518px\" \/><\/a>\n\t\t\t<\/div><\/figure><figure class='gallery-item'>\n\t\t\t<div class='gallery-icon landscape'>\n\t\t\t\t<a data-elementor-open-lightbox=\"yes\" data-elementor-lightbox-slideshow=\"177ed562\" data-elementor-lightbox-title=\"1995-11\" data-e-action-hash=\"#elementor-action%3Aaction%3Dlightbox%26settings%3DeyJpZCI6MjQxMSwidXJsIjoiaHR0cDpcL1wvc2ludGl1bmRyb21hLW5ydy5kZVwvd29yZHByZXNzXC93cC1jb250ZW50XC91cGxvYWRzXC8yMDIxXC8wMVwvMTk5NS0xMS5qcGciLCJzbGlkZXNob3ciOiIxNzdlZDU2MiJ9\" href='http:\/\/sintiundroma-nrw.de\/wordpress\/wp-content\/uploads\/2021\/01\/1995-11.jpg'><img loading=\"lazy\" decoding=\"async\" width=\"1526\" height=\"1040\" src=\"http:\/\/sintiundroma-nrw.de\/wordpress\/wp-content\/uploads\/2021\/01\/1995-11.jpg\" class=\"attachment-full size-full\" alt=\"\" srcset=\"http:\/\/sintiundroma-nrw.de\/wordpress\/wp-content\/uploads\/2021\/01\/1995-11.jpg 1526w, http:\/\/sintiundroma-nrw.de\/wordpress\/wp-content\/uploads\/2021\/01\/1995-11-300x204.jpg 300w, http:\/\/sintiundroma-nrw.de\/wordpress\/wp-content\/uploads\/2021\/01\/1995-11-1024x698.jpg 1024w, http:\/\/sintiundroma-nrw.de\/wordpress\/wp-content\/uploads\/2021\/01\/1995-11-768x523.jpg 768w\" sizes=\"(max-width: 1526px) 100vw, 1526px\" \/><\/a>\n\t\t\t<\/div><\/figure><figure class='gallery-item'>\n\t\t\t<div class='gallery-icon landscape'>\n\t\t\t\t<a data-elementor-open-lightbox=\"yes\" data-elementor-lightbox-slideshow=\"177ed562\" data-elementor-lightbox-title=\"1995-10\" data-e-action-hash=\"#elementor-action%3Aaction%3Dlightbox%26settings%3DeyJpZCI6MjQxMCwidXJsIjoiaHR0cDpcL1wvc2ludGl1bmRyb21hLW5ydy5kZVwvd29yZHByZXNzXC93cC1jb250ZW50XC91cGxvYWRzXC8yMDIxXC8wMVwvMTk5NS0xMC5qcGciLCJzbGlkZXNob3ciOiIxNzdlZDU2MiJ9\" href='http:\/\/sintiundroma-nrw.de\/wordpress\/wp-content\/uploads\/2021\/01\/1995-10.jpg'><img loading=\"lazy\" decoding=\"async\" width=\"1522\" height=\"1043\" src=\"http:\/\/sintiundroma-nrw.de\/wordpress\/wp-content\/uploads\/2021\/01\/1995-10.jpg\" class=\"attachment-full size-full\" alt=\"\" srcset=\"http:\/\/sintiundroma-nrw.de\/wordpress\/wp-content\/uploads\/2021\/01\/1995-10.jpg 1522w, http:\/\/sintiundroma-nrw.de\/wordpress\/wp-content\/uploads\/2021\/01\/1995-10-300x206.jpg 300w, http:\/\/sintiundroma-nrw.de\/wordpress\/wp-content\/uploads\/2021\/01\/1995-10-1024x702.jpg 1024w, http:\/\/sintiundroma-nrw.de\/wordpress\/wp-content\/uploads\/2021\/01\/1995-10-768x526.jpg 768w\" sizes=\"(max-width: 1522px) 100vw, 1522px\" \/><\/a>\n\t\t\t<\/div><\/figure><figure class='gallery-item'>\n\t\t\t<div class='gallery-icon landscape'>\n\t\t\t\t<a data-elementor-open-lightbox=\"yes\" data-elementor-lightbox-slideshow=\"177ed562\" data-elementor-lightbox-title=\"1995-1\" data-e-action-hash=\"#elementor-action%3Aaction%3Dlightbox%26settings%3DeyJpZCI6MjQwMiwidXJsIjoiaHR0cDpcL1wvc2ludGl1bmRyb21hLW5ydy5kZVwvd29yZHByZXNzXC93cC1jb250ZW50XC91cGxvYWRzXC8yMDIxXC8wMVwvMTk5NS0xLmpwZyIsInNsaWRlc2hvdyI6IjE3N2VkNTYyIn0%3D\" href='http:\/\/sintiundroma-nrw.de\/wordpress\/wp-content\/uploads\/2021\/01\/1995-1.jpg'><img loading=\"lazy\" decoding=\"async\" width=\"1512\" height=\"1022\" src=\"http:\/\/sintiundroma-nrw.de\/wordpress\/wp-content\/uploads\/2021\/01\/1995-1.jpg\" class=\"attachment-full size-full\" alt=\"\" srcset=\"http:\/\/sintiundroma-nrw.de\/wordpress\/wp-content\/uploads\/2021\/01\/1995-1.jpg 1512w, http:\/\/sintiundroma-nrw.de\/wordpress\/wp-content\/uploads\/2021\/01\/1995-1-300x203.jpg 300w, http:\/\/sintiundroma-nrw.de\/wordpress\/wp-content\/uploads\/2021\/01\/1995-1-1024x692.jpg 1024w, http:\/\/sintiundroma-nrw.de\/wordpress\/wp-content\/uploads\/2021\/01\/1995-1-768x519.jpg 768w\" sizes=\"(max-width: 1512px) 100vw, 1512px\" \/><\/a>\n\t\t\t<\/div><\/figure>\n\t\t<\/div>\n\t\t<\/div>\n\t\t\t\t\t\t<\/div>\n\t\t\t\t<\/div>\n\t\t\t\t\t<\/div>\n\t\t<\/div>\n\t\t\t\t\t<\/div>\n\t\t<\/section>\n\t\t\t\t<\/div>\n\t\t","protected":false},"excerpt":{"rendered":"<p>1995 Hugo Franz, 1. Vorsitzender des Landesverbands Deutscher Sinti und Roma NRW, sein Stellvertreter Roman Franz und weitere \u00dcberlebende der Minderheit bei einer Rede der Oberb\u00fcrgermeisterin der Landeshauptstadt D\u00fcsseldorf, Marie-Luise Smeets. Hugo Franz, 1. Vorsitzender des Landesverbands Deutscher Sinti und Roma NRW; Oberb\u00fcrgermeisterin der Landeshauptstadt D\u00fcsseldorf, Marie-Luise Smeets 1995 Im B\u00fcro des Landesverbands Deutscher Sinti [&hellip;]<\/p>\n","protected":false},"author":1,"featured_media":0,"parent":0,"menu_order":0,"comment_status":"closed","ping_status":"closed","template":"","meta":{"footnotes":""},"class_list":["post-2325","page","type-page","status-publish","hentry"],"yoast_head":"<!-- This site is optimized with the Yoast SEO plugin v27.2 - https:\/\/yoast.com\/product\/yoast-seo-wordpress\/ -->\n<title>R\u00fcckblick 1995 - Landesverband deutscher Sinti und Roma NRW<\/title>\n<meta name=\"robots\" content=\"index, follow, max-snippet:-1, max-image-preview:large, max-video-preview:-1\" \/>\n<link rel=\"canonical\" href=\"http:\/\/sintiundroma-nrw.de\/wordpress\/rueckblick-1995\/\" \/>\n<meta property=\"og:locale\" content=\"de_DE\" \/>\n<meta property=\"og:type\" content=\"article\" \/>\n<meta property=\"og:title\" content=\"R\u00fcckblick 1995 - Landesverband deutscher Sinti und Roma NRW\" \/>\n<meta property=\"og:description\" content=\"1995 Hugo Franz, 1. Vorsitzender des Landesverbands Deutscher Sinti und Roma NRW, sein Stellvertreter Roman Franz und weitere \u00dcberlebende der Minderheit bei einer Rede der Oberb\u00fcrgermeisterin der Landeshauptstadt D\u00fcsseldorf, Marie-Luise Smeets. Hugo Franz, 1. Vorsitzender des Landesverbands Deutscher Sinti und Roma NRW; Oberb\u00fcrgermeisterin der Landeshauptstadt D\u00fcsseldorf, Marie-Luise Smeets 1995 Im B\u00fcro des Landesverbands Deutscher Sinti [&hellip;]\" \/>\n<meta property=\"og:url\" content=\"http:\/\/sintiundroma-nrw.de\/wordpress\/rueckblick-1995\/\" \/>\n<meta property=\"og:site_name\" content=\"Landesverband deutscher Sinti und Roma NRW\" \/>\n<meta property=\"article:modified_time\" content=\"2025-09-02T12:08:30+00:00\" \/>\n<meta property=\"og:image\" content=\"http:\/\/sintiundroma-nrw.de\/wordpress\/wp-content\/uploads\/2021\/01\/1995-2.jpg\" \/>\n<meta name=\"twitter:card\" content=\"summary_large_image\" \/>\n<meta name=\"twitter:label1\" content=\"Gesch\u00e4tzte Lesezeit\" \/>\n\t<meta name=\"twitter:data1\" content=\"3\u00a0Minuten\" \/>\n<script type=\"application\/ld+json\" class=\"yoast-schema-graph\">{\"@context\":\"https:\/\/schema.org\",\"@graph\":[{\"@type\":\"WebPage\",\"@id\":\"http:\/\/sintiundroma-nrw.de\/wordpress\/rueckblick-1995\/\",\"url\":\"http:\/\/sintiundroma-nrw.de\/wordpress\/rueckblick-1995\/\",\"name\":\"R\u00fcckblick 1995 - Landesverband deutscher Sinti und Roma NRW\",\"isPartOf\":{\"@id\":\"https:\/\/sintiundroma-nrw.de\/wordpress\/#website\"},\"primaryImageOfPage\":{\"@id\":\"http:\/\/sintiundroma-nrw.de\/wordpress\/rueckblick-1995\/#primaryimage\"},\"image\":{\"@id\":\"http:\/\/sintiundroma-nrw.de\/wordpress\/rueckblick-1995\/#primaryimage\"},\"thumbnailUrl\":\"http:\/\/sintiundroma-nrw.de\/wordpress\/wp-content\/uploads\/2021\/01\/1995-2.jpg\",\"datePublished\":\"2021-01-07T13:34:59+00:00\",\"dateModified\":\"2025-09-02T12:08:30+00:00\",\"breadcrumb\":{\"@id\":\"http:\/\/sintiundroma-nrw.de\/wordpress\/rueckblick-1995\/#breadcrumb\"},\"inLanguage\":\"de\",\"potentialAction\":[{\"@type\":\"ReadAction\",\"target\":[\"http:\/\/sintiundroma-nrw.de\/wordpress\/rueckblick-1995\/\"]}]},{\"@type\":\"ImageObject\",\"inLanguage\":\"de\",\"@id\":\"http:\/\/sintiundroma-nrw.de\/wordpress\/rueckblick-1995\/#primaryimage\",\"url\":\"http:\/\/sintiundroma-nrw.de\/wordpress\/wp-content\/uploads\/2021\/01\/1995-2.jpg\",\"contentUrl\":\"http:\/\/sintiundroma-nrw.de\/wordpress\/wp-content\/uploads\/2021\/01\/1995-2.jpg\"},{\"@type\":\"BreadcrumbList\",\"@id\":\"http:\/\/sintiundroma-nrw.de\/wordpress\/rueckblick-1995\/#breadcrumb\",\"itemListElement\":[{\"@type\":\"ListItem\",\"position\":1,\"name\":\"Startseite\",\"item\":\"https:\/\/sintiundroma-nrw.de\/wordpress\/\"},{\"@type\":\"ListItem\",\"position\":2,\"name\":\"R\u00fcckblick 1995\"}]},{\"@type\":\"WebSite\",\"@id\":\"https:\/\/sintiundroma-nrw.de\/wordpress\/#website\",\"url\":\"https:\/\/sintiundroma-nrw.de\/wordpress\/\",\"name\":\"Landesverband deutscher Sinti und Roma NRW\",\"description\":\"Sinti &amp; Roma NRW\",\"publisher\":{\"@id\":\"https:\/\/sintiundroma-nrw.de\/wordpress\/#organization\"},\"potentialAction\":[{\"@type\":\"SearchAction\",\"target\":{\"@type\":\"EntryPoint\",\"urlTemplate\":\"https:\/\/sintiundroma-nrw.de\/wordpress\/?s={search_term_string}\"},\"query-input\":{\"@type\":\"PropertyValueSpecification\",\"valueRequired\":true,\"valueName\":\"search_term_string\"}}],\"inLanguage\":\"de\"},{\"@type\":\"Organization\",\"@id\":\"https:\/\/sintiundroma-nrw.de\/wordpress\/#organization\",\"name\":\"Verband Deutscher Sinti und Roma NRW\",\"url\":\"https:\/\/sintiundroma-nrw.de\/wordpress\/\",\"logo\":{\"@type\":\"ImageObject\",\"inLanguage\":\"de\",\"@id\":\"https:\/\/sintiundroma-nrw.de\/wordpress\/#\/schema\/logo\/image\/\",\"url\":\"http:\/\/sintiundroma-nrw.de\/wordpress\/wp-content\/uploads\/2019\/06\/logo-ot.jpg\",\"contentUrl\":\"http:\/\/sintiundroma-nrw.de\/wordpress\/wp-content\/uploads\/2019\/06\/logo-ot.jpg\",\"width\":63,\"height\":56,\"caption\":\"Verband Deutscher Sinti und Roma NRW\"},\"image\":{\"@id\":\"https:\/\/sintiundroma-nrw.de\/wordpress\/#\/schema\/logo\/image\/\"}}]}<\/script>\n<!-- \/ Yoast SEO plugin. -->","yoast_head_json":{"title":"R\u00fcckblick 1995 - Landesverband deutscher Sinti und Roma NRW","robots":{"index":"index","follow":"follow","max-snippet":"max-snippet:-1","max-image-preview":"max-image-preview:large","max-video-preview":"max-video-preview:-1"},"canonical":"http:\/\/sintiundroma-nrw.de\/wordpress\/rueckblick-1995\/","og_locale":"de_DE","og_type":"article","og_title":"R\u00fcckblick 1995 - Landesverband deutscher Sinti und Roma NRW","og_description":"1995 Hugo Franz, 1. Vorsitzender des Landesverbands Deutscher Sinti und Roma NRW, sein Stellvertreter Roman Franz und weitere \u00dcberlebende der Minderheit bei einer Rede der Oberb\u00fcrgermeisterin der Landeshauptstadt D\u00fcsseldorf, Marie-Luise Smeets. Hugo Franz, 1. Vorsitzender des Landesverbands Deutscher Sinti und Roma NRW; Oberb\u00fcrgermeisterin der Landeshauptstadt D\u00fcsseldorf, Marie-Luise Smeets 1995 Im B\u00fcro des Landesverbands Deutscher Sinti [&hellip;]","og_url":"http:\/\/sintiundroma-nrw.de\/wordpress\/rueckblick-1995\/","og_site_name":"Landesverband deutscher Sinti und Roma NRW","article_modified_time":"2025-09-02T12:08:30+00:00","og_image":[{"url":"http:\/\/sintiundroma-nrw.de\/wordpress\/wp-content\/uploads\/2021\/01\/1995-2.jpg","type":"","width":"","height":""}],"twitter_card":"summary_large_image","twitter_misc":{"Gesch\u00e4tzte Lesezeit":"3\u00a0Minuten"},"schema":{"@context":"https:\/\/schema.org","@graph":[{"@type":"WebPage","@id":"http:\/\/sintiundroma-nrw.de\/wordpress\/rueckblick-1995\/","url":"http:\/\/sintiundroma-nrw.de\/wordpress\/rueckblick-1995\/","name":"R\u00fcckblick 1995 - Landesverband deutscher Sinti und Roma NRW","isPartOf":{"@id":"https:\/\/sintiundroma-nrw.de\/wordpress\/#website"},"primaryImageOfPage":{"@id":"http:\/\/sintiundroma-nrw.de\/wordpress\/rueckblick-1995\/#primaryimage"},"image":{"@id":"http:\/\/sintiundroma-nrw.de\/wordpress\/rueckblick-1995\/#primaryimage"},"thumbnailUrl":"http:\/\/sintiundroma-nrw.de\/wordpress\/wp-content\/uploads\/2021\/01\/1995-2.jpg","datePublished":"2021-01-07T13:34:59+00:00","dateModified":"2025-09-02T12:08:30+00:00","breadcrumb":{"@id":"http:\/\/sintiundroma-nrw.de\/wordpress\/rueckblick-1995\/#breadcrumb"},"inLanguage":"de","potentialAction":[{"@type":"ReadAction","target":["http:\/\/sintiundroma-nrw.de\/wordpress\/rueckblick-1995\/"]}]},{"@type":"ImageObject","inLanguage":"de","@id":"http:\/\/sintiundroma-nrw.de\/wordpress\/rueckblick-1995\/#primaryimage","url":"http:\/\/sintiundroma-nrw.de\/wordpress\/wp-content\/uploads\/2021\/01\/1995-2.jpg","contentUrl":"http:\/\/sintiundroma-nrw.de\/wordpress\/wp-content\/uploads\/2021\/01\/1995-2.jpg"},{"@type":"BreadcrumbList","@id":"http:\/\/sintiundroma-nrw.de\/wordpress\/rueckblick-1995\/#breadcrumb","itemListElement":[{"@type":"ListItem","position":1,"name":"Startseite","item":"https:\/\/sintiundroma-nrw.de\/wordpress\/"},{"@type":"ListItem","position":2,"name":"R\u00fcckblick 1995"}]},{"@type":"WebSite","@id":"https:\/\/sintiundroma-nrw.de\/wordpress\/#website","url":"https:\/\/sintiundroma-nrw.de\/wordpress\/","name":"Landesverband deutscher Sinti und Roma NRW","description":"Sinti &amp; Roma NRW","publisher":{"@id":"https:\/\/sintiundroma-nrw.de\/wordpress\/#organization"},"potentialAction":[{"@type":"SearchAction","target":{"@type":"EntryPoint","urlTemplate":"https:\/\/sintiundroma-nrw.de\/wordpress\/?s={search_term_string}"},"query-input":{"@type":"PropertyValueSpecification","valueRequired":true,"valueName":"search_term_string"}}],"inLanguage":"de"},{"@type":"Organization","@id":"https:\/\/sintiundroma-nrw.de\/wordpress\/#organization","name":"Verband Deutscher Sinti und Roma NRW","url":"https:\/\/sintiundroma-nrw.de\/wordpress\/","logo":{"@type":"ImageObject","inLanguage":"de","@id":"https:\/\/sintiundroma-nrw.de\/wordpress\/#\/schema\/logo\/image\/","url":"http:\/\/sintiundroma-nrw.de\/wordpress\/wp-content\/uploads\/2019\/06\/logo-ot.jpg","contentUrl":"http:\/\/sintiundroma-nrw.de\/wordpress\/wp-content\/uploads\/2019\/06\/logo-ot.jpg","width":63,"height":56,"caption":"Verband Deutscher Sinti und Roma NRW"},"image":{"@id":"https:\/\/sintiundroma-nrw.de\/wordpress\/#\/schema\/logo\/image\/"}}]}},"_links":{"self":[{"href":"http:\/\/sintiundroma-nrw.de\/wordpress\/wp-json\/wp\/v2\/pages\/2325","targetHints":{"allow":["GET"]}}],"collection":[{"href":"http:\/\/sintiundroma-nrw.de\/wordpress\/wp-json\/wp\/v2\/pages"}],"about":[{"href":"http:\/\/sintiundroma-nrw.de\/wordpress\/wp-json\/wp\/v2\/types\/page"}],"author":[{"embeddable":true,"href":"http:\/\/sintiundroma-nrw.de\/wordpress\/wp-json\/wp\/v2\/users\/1"}],"replies":[{"embeddable":true,"href":"http:\/\/sintiundroma-nrw.de\/wordpress\/wp-json\/wp\/v2\/comments?post=2325"}],"version-history":[{"count":23,"href":"http:\/\/sintiundroma-nrw.de\/wordpress\/wp-json\/wp\/v2\/pages\/2325\/revisions"}],"predecessor-version":[{"id":13233,"href":"http:\/\/sintiundroma-nrw.de\/wordpress\/wp-json\/wp\/v2\/pages\/2325\/revisions\/13233"}],"wp:attachment":[{"href":"http:\/\/sintiundroma-nrw.de\/wordpress\/wp-json\/wp\/v2\/media?parent=2325"}],"curies":[{"name":"wp","href":"https:\/\/api.w.org\/{rel}","templated":true}]}}